
-21332232
In base 15, what is -3 + -5de1?
-5de4
In base 13, what is 3 + 1194?
1197
In base 16, what is 5 + -2d8b?
-2d86
In base 3, what is -20100 - -10210?
-2120
In base 2, what is -1101001 + -111001?
-10100010
In base 16, what is 78e6e - -4?
78e72
In base 8, what is -336247 + 0?
-336247
In base 7, what is 36322 + -425?
35564
In base 7, what is -33 - -153001?
152635
In base 6, what is -401 + 53145?
52344
In base 8, what is 54 + 4621?
4675
In base 9, what is -107 - 2024?
-2132
In base 9, what is -67 - -358?
281
In base 6, what is -23031 - 2315?
-25350
In base 11, what is -2 + -5271?
-5273
In base 3, what is 10021 + 12222?
100020
In base 15, what is -4 - 74e3?
-74e7
In base 15, what is -97019 - -1?
-97018
In base 16, what is -296 + 315?
7f
In base 13, what is -6c - 2?
-71
In base 7, what is -4 - 1225340?
-1225344
In base 15, what is 1 - 53668?
-53667
In base 3, what is -1110120121 + -120?
-1110121011
In base 11, what is 2 - -31100?
31102
In base 5, what is -10 - 1004320?
-1004330
In base 14, what is -2a2 - 1b8?
-47a
In base 16, what is -2 - -6739?
6737
In base 6, what is 0 - 23433?
-23433
In base 2, what is -10 - -1000011000110111101?
1000011000110111011
In base 6, what is -1010235 + 32?
-1010203
In base 8, what is -2365 + -20?
-2405
In base 6, what is 2202 - -30?
2232
In base 9, what is -2 - -872466?
872464
In base 16, what is -780 + -c?
-78c
In base 10, what is -445970 + -5?
-445975
In base 16, what is -69 + -137a?
-13e3
In base 16, what is -1 - 2fd6e?
-2fd6f
In base 11, what is -380a8 - -5?
-380a3
In base 11, what is 2 + 19a98?
19a9a
In base 9, what is 143 - -634?
777
In base 3, what is 1121 + -212201210?
-212200012
In base 2, what is 1000111010110101101 - 1?
1000111010110101100
In base 11, what is 28111 + -5?
28107
In base 12, what is -3 - 46880?
-46883
In base 8, what is 301540 - 4?
301534
In base 11, what is 4 - -22222?
22226
In base 8, what is -40 - -42416?
42356
In base 5, what is 31 + -401321?
-401240
In base 10, what is -255 + 230?
-25
In base 13, what is 62c - 2a1?
35b
In base 7, what is -212 + 466?
254
In base 16, what is 38c1 - 4?
38bd
In base 6, what is 2 + -11204013?
-11204011
In base 3, what is -10102112120 + -112?
-10102120002
In base 13, what is 106184a - -3?
1061850
In base 13, what is 13a8 - 3?
13a5
In base 11, what is 6055a1 + 1?
6055a2
In base 8, what is -167173 + -1?
-167174
In base 2, what is 10000111000 + -1111000001?
1110111
In base 12, what is -5259 - -275?
-4ba4
In base 16, what is 2 + a1f30?
a1f32
In base 10, what is 14941 - 2?
14939
In base 7, what is -15056336 - 5?
-15056344
In base 2, what is 10101111101 + 1011?
10110001000
In base 16, what is -e - -2a70?
2a62
In base 11, what is -4 + 17121a?
171216
In base 2, what is 111011010000111 + -110000?
111011001010111
In base 14, what is 256 - -1306?
155c
In base 15, what is -80d4 - 2?
-80d6
In base 9, what is 304 + 100?
404
In base 16, what is 15 + -268cf?
-268ba
In base 4, what is 3 - -201111010?
201111013
In base 14, what is -24751 + -1?
-24752
In base 15, what is a98 + -11?
a87
In base 4, what is 221103222 - 2?
221103220
In base 15, what is -41c + 1?
-41b
In base 4, what is 0 + -323120?
-323120
In base 16, what is aaa0 - -4?
aaa4
In base 12, what is -27 + -62622?
-62649
In base 8, what is 16276 - -603?
17101
In base 9, what is 1274 + 20?
1304
In base 6, what is 54 - 11055?
-11001
In base 8, what is -103633 + 67?
-103544
In base 10, what is 10 + -195694?
-195684
In base 12, what is b + 1b9a6?
1b9b5
In base 2, what is -110100000 + 10110100?
-11101100
In base 11, what is 6203 + 17?
621a
In base 15, what is -2 + e75e?
e75c
In base 11, what is -394 - -3957?
3573
In base 14, what is 70 + -5?
69
In base 6, what is -1431 + 0?
-1431
In base 7, what is 4 - 30422?
-30415
In base 8, what is 5 - 1721071?
-1721064
In base 16, what is -3 - 9dd7?
-9dda
In base 3, what is -22100100 + -11?
-22100111
In base 6, what is -100 - -102202?
102102
In base 2, what is 1111110110100110 - 1?
1111110110100101
In base 2, what is 10110101 - -1011111100?
1110110001
In base 4, what is 11301103302 - -2?
11301103310
In base 15, what is -2a691 + -4?
-2a695
In base 7, what is 0 + 15212?
15212
In base 5, what is 441100 + 4?
441104
In base 6, what is -4100 - -3205?
-451
In base 15, what is 3d21 - -47?
3d68
In base 12, what is 2 - 855b2?
-855b0
In base 10, what is 262644 - -6?
262650
In base 10, what is -17842 - 7?
-17849
In base 13, what is -1 - -25969?
25968
In base 13, what is 3 + -2a75?
-2a72
In base 5, what is -431324 + -130?
-432004
In base 13, what is 744b + 3?
7451
In base 13, what is -1b94 - 40?
-1c04
In base 12, what is -3b449 - -1?
-3b448
In base 9, what is 135 - 26285?
-26150
In base 4, what is 0 + 3030132?
3030132
In base 5, what is -32 + 2004214?
2004132
In base 6, what is -1321 - -432?
-445
In base 3, what is -2221211010 + -11?
-2221211021
In base 14, what is 78c - -44?
7d2
In base 2, what is -10000010 + 111110101?
101110011
In base 13, what is 48 + 21b?
266
In base 4, what is 10 - -22331301?
22331311
In base 14, what is 90365 + -1?
90364
In base 6, what is 1452024 - 2?
1452022
In base 13, what is 3 + b9c?
ba2
In base 14, what is 5 - -a2302?
a2307
In base 10, what is -4 + -7247?
-7251
In base 4, what is -32 + -21102?
-21200
In base 12, what is 405b7 - -4?
405bb
In base 7, what is 14 + 561345?
561362
In base 13, what is -1304 + 0?
-1304
In base 13, what is -3784 - -1?
-3783
In base 13, what is -3 + 1ac1b?
1ac18
In base 6, what is -3 + -35444?
-35451
In base 11, what is 245384 - -3?
245387
In base 16, what is -9 + -30613?
-3061c
In base 9, what is -403 - 58?
-462
In base 2, what is 1000011 - 10101011100100?
-10101010100001
In base 8, what is 6 - -62316?
62324
In base 2, what is 100 - 10000011111101?
-10000011111001
In base 12, what is -16 - 28a?
-2a4
In base 2, what is -1111100101111011 + 1?
-1111100101111010
In base 13, what is -1002 - 107?
-1109
In base 3, what is 11 + -20020?
-20002
In base 15, what is -519 + -1c0?
-6d9
In base 12, what is 2977 - 5?
2972
In base 6, what is 411 - 10334?
-5523
In base 9, what is -47780 + -5?
-47785
In base 15, what is 4 + 1cc060?
1cc064
In base 15, what is 6 - 2a857?
-2a851
In base 11, what is -1 + 383?
382
In base 4, what is -1 - 1030002?
-1030003
In base 8, what is -25 + 2501?
2454
In base 4, what is 301333212 - -111?
301333323
In base 9, what is -56 - -5417?
5351
In base 4, what is 1332133 - -303?
1333102
In base 5, what is 1422 - 44344?
-42422
In base 5, what is 10100 + -113?
4432
In base 14, what is -34b + -29?
-376
In base 5, what is 11143 - -1343?
13041
In base 4, what is 11 - 12132022?
-12132011
In base 4, what is 2313 - -12210123?
12213102
In base 9, what is -4 + 266167?
266163
In base 2, what is -110110001100100000001 + 0?
-110110001100100000001
In base 10, what is 7 + 1681?
1688
In base 16, what is 2 - 242c?
-242a
In base 14, what is -6c55 - 5?
-6c5a
In base 13, what is -3cb59 + -14?
-3cb70
In base 3, what is 212020111 + -10?
212020101
In base 2, what is 100111011 - -10010?
101001101
In base 4, what is -21031113 + 13?
-21031100
In base 13, what is 89b0 - 32?
897b
In base 5, what is -4 - 3111441?
-3112000
In base 15, what is 3ca6 - -6e?
3d25
In base 15, what is -64bc5 + 3?
-64bc2
In base 4, what is 1112212301 - 10?
1112212231
In base 8, what is 20 + -121277?
-121257
In base 12, what is -240 - -2b?
-211
In base 8, what is -5 - -2032755?
2032750
In base 2, what is -100001101111000 + 101?
-100001101110011
In base 15, what is -3 - 50c?
-510
In base 14, what is -5 - aa97?
-aa9c
In base 15, what is 1 + -87a0d?
-87a0c
In base 2, what is 10101011 - 11011001000?
-11000011101
In base 16, what is -1 + -fefb2?
-fefb3
In base 2, what is 110011 - 101000001111000?
-101000001000101
In base 3, what is -20202 + -211222102?
-212020011
In base 2, what is -1010100000 - 100110110101?
-110001010101
In base 5, what is 33113400 + -10?
33113340
In base 11, what is -5112 + 157?
-4a66
In base 2, what is -1011101100100100 + 100?
-1011101100100000
In base 11, what is -771 + -264?
-a25
In base 4, what is -1322 + -2110?
-10032
In base 14, what is 4 + 27539?
2753d
In base 4, what is -10321330 - -1231?
-10320033
In base 12, what is -4b239 + -4?
-4b241
In base 8, what is 1116 - -1014?
2132
In base 15, what is 7 - c82b?
-c824
In base 5, what is 11444 - -340?
12334
In base 3, what 